{"id":4,"date":"2013-05-31T15:59:09","date_gmt":"2013-05-31T13:59:09","guid":{"rendered":"http:\/\/misspoptrappes.org\/WordPress3\/?page_id=4"},"modified":"2026-04-14T15:09:12","modified_gmt":"2026-04-14T13:09:12","slug":"4-2","status":"publish","type":"page","link":"https:\/\/misspoptrappes.org\/WordPress3\/","title":{"rendered":"Accueil"},"content":{"rendered":"<h1>Cin\u00e9-D\u00e9bat<\/h1>\n<p><a href=\"https:\/\/misspoptrappes.org\/WordPress3\/wp-content\/uploads\/2026\/04\/cine-debat-2026.jpg\"><img loading=\"lazy\" decoding=\"async\" class=\"aligncenter wp-image-1173 size-large\" src=\"https:\/\/misspoptrappes.org\/WordPress3\/wp-content\/uploads\/2026\/04\/cine-debat-2026-724x1024.jpg\" alt=\"\" width=\"640\" height=\"905\" srcset=\"https:\/\/misspoptrappes.org\/WordPress3\/wp-content\/uploads\/2026\/04\/cine-debat-2026-724x1024.jpg 724w, https:\/\/misspoptrappes.org\/WordPress3\/wp-content\/uploads\/2026\/04\/cine-debat-2026-212x300.jpg 212w, https:\/\/misspoptrappes.org\/WordPress3\/wp-content\/uploads\/2026\/04\/cine-debat-2026-768x1086.jpg 768w, https:\/\/misspoptrappes.org\/WordPress3\/wp-content\/uploads\/2026\/04\/cine-debat-2026-1086x1536.jpg 1086w, https:\/\/misspoptrappes.org\/WordPress3\/wp-content\/uploads\/2026\/04\/cine-debat-2026.jpg 1414w\" sizes=\"auto, (max-width: 640px) 100vw, 640px\" \/><\/a><\/p>\n<h1>D\u00e9fi lecture<\/h1>\n<p><a href=\"https:\/\/misspoptrappes.org\/WordPress3\/wp-content\/uploads\/2026\/03\/DEFI-LECTURE-2026-A.jpg\"><img loading=\"lazy\" decoding=\"async\" class=\"aligncenter size-large wp-image-1094\" src=\"https:\/\/misspoptrappes.org\/WordPress3\/wp-content\/uploads\/2026\/03\/DEFI-LECTURE-2026-A-724x1024.jpg\" alt=\"\" width=\"640\" height=\"905\" srcset=\"https:\/\/misspoptrappes.org\/WordPress3\/wp-content\/uploads\/2026\/03\/DEFI-LECTURE-2026-A-724x1024.jpg 724w, https:\/\/misspoptrappes.org\/WordPress3\/wp-content\/uploads\/2026\/03\/DEFI-LECTURE-2026-A-212x300.jpg 212w, https:\/\/misspoptrappes.org\/WordPress3\/wp-content\/uploads\/2026\/03\/DEFI-LECTURE-2026-A-768x1086.jpg 768w, https:\/\/misspoptrappes.org\/WordPress3\/wp-content\/uploads\/2026\/03\/DEFI-LECTURE-2026-A-1086x1536.jpg 1086w, https:\/\/misspoptrappes.org\/WordPress3\/wp-content\/uploads\/2026\/03\/DEFI-LECTURE-2026-A.jpg 1414w\" sizes=\"auto, (max-width: 640px) 100vw, 640px\" \/><\/a><\/p>\n<p>&nbsp;<\/p>\n<h1>Caf\u00e9 Sant\u00e9<\/h1>\n<p><a href=\"https:\/\/misspoptrappes.org\/WordPress3\/wp-content\/uploads\/2026\/02\/Cafe-sante4.jpg\"><img loading=\"lazy\" decoding=\"async\" class=\"aligncenter wp-image-1057 size-large\" src=\"https:\/\/misspoptrappes.org\/WordPress3\/wp-content\/uploads\/2026\/02\/Cafe-sante4-724x1024.jpg\" alt=\"\" width=\"640\" height=\"905\" srcset=\"https:\/\/misspoptrappes.org\/WordPress3\/wp-content\/uploads\/2026\/02\/Cafe-sante4-724x1024.jpg 724w, https:\/\/misspoptrappes.org\/WordPress3\/wp-content\/uploads\/2026\/02\/Cafe-sante4-212x300.jpg 212w, https:\/\/misspoptrappes.org\/WordPress3\/wp-content\/uploads\/2026\/02\/Cafe-sante4-768x1086.jpg 768w, https:\/\/misspoptrappes.org\/WordPress3\/wp-content\/uploads\/2026\/02\/Cafe-sante4-1086x1536.jpg 1086w, https:\/\/misspoptrappes.org\/WordPress3\/wp-content\/uploads\/2026\/02\/Cafe-sante4.jpg 1414w\" sizes=\"auto, (max-width: 640px) 100vw, 640px\" \/><\/a><\/p>\n<h2>Education aux m\u00e9dia<\/h2>\n<p><a href=\"https:\/\/misspoptrappes.org\/WordPress3\/wp-content\/uploads\/2026\/02\/Atelier-deducation-aux-medias-2026.jpg\"><img loading=\"lazy\" decoding=\"async\" class=\"aligncenter size-large wp-image-1066\" src=\"https:\/\/misspoptrappes.org\/WordPress3\/wp-content\/uploads\/2026\/02\/Atelier-deducation-aux-medias-2026-724x1024.jpg\" alt=\"\" width=\"640\" height=\"905\" srcset=\"https:\/\/misspoptrappes.org\/WordPress3\/wp-content\/uploads\/2026\/02\/Atelier-deducation-aux-medias-2026-724x1024.jpg 724w, https:\/\/misspoptrappes.org\/WordPress3\/wp-content\/uploads\/2026\/02\/Atelier-deducation-aux-medias-2026-212x300.jpg 212w, https:\/\/misspoptrappes.org\/WordPress3\/wp-content\/uploads\/2026\/02\/Atelier-deducation-aux-medias-2026-768x1086.jpg 768w, https:\/\/misspoptrappes.org\/WordPress3\/wp-content\/uploads\/2026\/02\/Atelier-deducation-aux-medias-2026-1086x1536.jpg 1086w, https:\/\/misspoptrappes.org\/WordPress3\/wp-content\/uploads\/2026\/02\/Atelier-deducation-aux-medias-2026.jpg 1414w\" sizes=\"auto, (max-width: 640px) 100vw, 640px\" \/><\/a><\/p>\n<h1><a style=\"font-size: 2.4em;\" href=\"https:\/\/www.helloasso.com\/associations\/fraternite-mission-populaire\/formulaires\/1\"><span style=\"font-size: 34.56px;\">Appel aux dons.<\/span><\/a><\/h1>\n<p><em><strong>Donnent droit \u00e0 une r\u00e9duction d&rsquo;imp\u00f4ts de 66% du montant du dons.<\/strong><\/em><\/p>\n<p>Merci<\/p>\n<p><img loading=\"lazy\" decoding=\"async\" class=\"aligncenter size-large wp-image-887\" src=\"https:\/\/misspoptrappes.org\/WordPress3\/wp-content\/uploads\/2025\/10\/Appel-a-dons-octobre-2025-3-1024x988.jpg\" alt=\"\" width=\"640\" height=\"618\" srcset=\"https:\/\/misspoptrappes.org\/WordPress3\/wp-content\/uploads\/2025\/10\/Appel-a-dons-octobre-2025-3-1024x988.jpg 1024w, https:\/\/misspoptrappes.org\/WordPress3\/wp-content\/uploads\/2025\/10\/Appel-a-dons-octobre-2025-3-300x290.jpg 300w, https:\/\/misspoptrappes.org\/WordPress3\/wp-content\/uploads\/2025\/10\/Appel-a-dons-octobre-2025-3-768x741.jpg 768w, https:\/\/misspoptrappes.org\/WordPress3\/wp-content\/uploads\/2025\/10\/Appel-a-dons-octobre-2025-3-1536x1483.jpg 1536w, https:\/\/misspoptrappes.org\/WordPress3\/wp-content\/uploads\/2025\/10\/Appel-a-dons-octobre-2025-3.jpg 1584w\" sizes=\"auto, (max-width: 640px) 100vw, 640px\" \/><\/p>\n<h1>Horaires d&rsquo;ouvertures au public voir Contact<\/h1>\n<p>&nbsp;<\/p>\n<h4><\/h4>\n<p>&nbsp;<\/p>\n<h4><\/h4>\n<p>&nbsp;<\/p>\n<p>&nbsp;<\/p>\n<p>&nbsp;<\/p>\n","protected":false},"excerpt":{"rendered":"<p>Cin\u00e9-D\u00e9bat D\u00e9fi lecture &nbsp; Caf\u00e9 Sant\u00e9 Education aux m\u00e9dia Appel aux dons. Donnent droit \u00e0 une r\u00e9duction d&rsquo;imp\u00f4ts de 66% du montant du dons. Merci Horaires d&rsquo;ouvertures au public voir Contact &nbsp; &nbsp; &nbsp; &nbsp; &nbsp;<\/p>\n","protected":false},"author":4,"featured_media":0,"parent":0,"menu_order":0,"comment_status":"closed","ping_status":"closed","template":"","meta":{"footnotes":""},"class_list":["post-4","page","type-page","status-publish","hentry"],"_links":{"self":[{"href":"https:\/\/misspoptrappes.org\/WordPress3\/wp-json\/wp\/v2\/pages\/4","targetHints":{"allow":["GET"]}}],"collection":[{"href":"https:\/\/misspoptrappes.org\/WordPress3\/wp-json\/wp\/v2\/pages"}],"about":[{"href":"https:\/\/misspoptrappes.org\/WordPress3\/wp-json\/wp\/v2\/types\/page"}],"author":[{"embeddable":true,"href":"https:\/\/misspoptrappes.org\/WordPress3\/wp-json\/wp\/v2\/users\/4"}],"replies":[{"embeddable":true,"href":"https:\/\/misspoptrappes.org\/WordPress3\/wp-json\/wp\/v2\/comments?post=4"}],"version-history":[{"count":94,"href":"https:\/\/misspoptrappes.org\/WordPress3\/wp-json\/wp\/v2\/pages\/4\/revisions"}],"predecessor-version":[{"id":1175,"href":"https:\/\/misspoptrappes.org\/WordPress3\/wp-json\/wp\/v2\/pages\/4\/revisions\/1175"}],"wp:attachment":[{"href":"https:\/\/misspoptrappes.org\/WordPress3\/wp-json\/wp\/v2\/media?parent=4"}],"curies":[{"name":"wp","href":"https:\/\/api.w.org\/{rel}","templated":true}]}}