{"id":17,"date":"2013-05-31T16:22:32","date_gmt":"2013-05-31T14:22:32","guid":{"rendered":"http:\/\/misspoptrappes.org\/WordPress3\/?page_id=17"},"modified":"2024-10-20T15:42:46","modified_gmt":"2024-10-20T13:42:46","slug":"asl","status":"publish","type":"page","link":"https:\/\/misspoptrappes.org\/WordPress3\/activites\/asl\/","title":{"rendered":"Ateliers de fran\u00e7ais pour adultes"},"content":{"rendered":"<p>Les ateliers de fran\u00e7ais sont un dispositif d\u2019aide \u00e0 l\u2019apprentissage du fran\u00e7ais pour les habitants de Trappes qui assure un support individualis\u00e9 (groupes de 6 \u00e0 8 \u00e9l\u00e8ves par accompagnant). Pour des progr\u00e8s significatifs, nous conseillons \u00e0 chaque personne de suivre deux s\u00e9ances hebdomadaires de 2h chacune.<br \/>\nL\u2019animation est assur\u00e9e par des intervenants b\u00e9n\u00e9voles : seize en 2024, pour une centaine d\u2019\u00e9l\u00e8ves inscrits. Chaque b\u00e9n\u00e9vole assure chaque semaine 1 ou 2 s\u00e9ances de 2h en fonction de ses disponibilit\u00e9s.<br \/>\n<span style=\"color: #ff0000;\">Il y a un fort besoin de renfort par de nouveaux intervenants<\/span><br \/>\nLes ateliers de fran\u00e7ais ont lieu :<br \/>\n&#8211; Le matin de 9h30 \u00e0 11h30 : mardi, mercredi, jeudi et vendredi<br \/>\n&#8211; L&rsquo;apr\u00e8s-midi de 14h \u00e0 16h : lundi, mardi et jeudi.<br \/>\n&#8211; Le soir de 18 \u00e0 20h : lundi, mardi et mercredi<\/p>\n<p>Une documentation p\u00e9dagogique abondante et vari\u00e9e permet \u00e0 chaque intervenant de choisir la m\u00e9thode la mieux adapt\u00e9e aux besoins de son groupe.<br \/>\nLes sites internet sont une source compl\u00e9mentaire de documentation pour motiver les apprentissages.<br \/>\nSelon les besoins et la demande de chacun, les niveaux vis\u00e9s sont ceux du Cadre Europ\u00e9en Commun de R\u00e9f\u00e9rence des langues (CECR)<br \/>\nApr\u00e8s examen des besoins individuels, une part importante du travail porte sur la socialisation, la d\u00e9couverte des r\u00e8gles de vie citoyenne et l\u2019aide personnalis\u00e9e (insertion dans la vie du quartier, d\u00e9marches quotidiennes et\/ou administratives, acc\u00e8s \u00e0 l&#8217;emploi&#8230;.)<br \/>\nUne fiche de suivi du travail de chaque \u00e9l\u00e8ve assure le contr\u00f4le de l\u2019assiduit\u00e9 et de la progression.<br \/>\nDes sorties culturelles de l\u2019apr\u00e8s-midi ou de la journ\u00e9e sont organis\u00e9es en cours d\u2019ann\u00e9e : visites de monuments, mus\u00e9es, expositions&#8230;.<br \/>\nPar ailleurs, un atelier convivial de couture fonctionne le mardi de 14 \u00e016h.<br \/>\nLa qualit\u00e9 des contacts individuels qui se nouent rapidement assure une grande chaleur des relations et une ambiance tr\u00e8s amicale entre tous les participants, ce qui est \u00e9galement un de nos objectifs.<br \/>\nContacts : 01 30 51 89 95<br \/>\nCoordinatrice : Bernadette Bernier<\/p>\n","protected":false},"excerpt":{"rendered":"<p>Les ateliers de fran\u00e7ais sont un dispositif d\u2019aide \u00e0 l\u2019apprentissage du fran\u00e7ais pour les habitants de Trappes qui assure un support individualis\u00e9 (groupes de 6 \u00e0 8 \u00e9l\u00e8ves par accompagnant). Pour des progr\u00e8s significatifs, nous conseillons \u00e0 chaque personne de &hellip; <a href=\"https:\/\/misspoptrappes.org\/WordPress3\/activites\/asl\/\">Continuer la lecture <span class=\"meta-nav\">&rarr;<\/span><\/a><\/p>\n","protected":false},"author":4,"featured_media":0,"parent":14,"menu_order":2,"comment_status":"closed","ping_status":"closed","template":"onecolumn-page.php","meta":{"footnotes":""},"class_list":["post-17","page","type-page","status-publish","hentry"],"_links":{"self":[{"href":"https:\/\/misspoptrappes.org\/WordPress3\/wp-json\/wp\/v2\/pages\/17","targetHints":{"allow":["GET"]}}],"collection":[{"href":"https:\/\/misspoptrappes.org\/WordPress3\/wp-json\/wp\/v2\/pages"}],"about":[{"href":"https:\/\/misspoptrappes.org\/WordPress3\/wp-json\/wp\/v2\/types\/page"}],"author":[{"embeddable":true,"href":"https:\/\/misspoptrappes.org\/WordPress3\/wp-json\/wp\/v2\/users\/4"}],"replies":[{"embeddable":true,"href":"https:\/\/misspoptrappes.org\/WordPress3\/wp-json\/wp\/v2\/comments?post=17"}],"version-history":[{"count":8,"href":"https:\/\/misspoptrappes.org\/WordPress3\/wp-json\/wp\/v2\/pages\/17\/revisions"}],"predecessor-version":[{"id":693,"href":"https:\/\/misspoptrappes.org\/WordPress3\/wp-json\/wp\/v2\/pages\/17\/revisions\/693"}],"up":[{"embeddable":true,"href":"https:\/\/misspoptrappes.org\/WordPress3\/wp-json\/wp\/v2\/pages\/14"}],"wp:attachment":[{"href":"https:\/\/misspoptrappes.org\/WordPress3\/wp-json\/wp\/v2\/media?parent=17"}],"curies":[{"name":"wp","href":"https:\/\/api.w.org\/{rel}","templated":true}]}}

Ateliers de français pour adultes

<p>Les ateliers de français sont un dispositif d’aide à l’apprentissage du français pour les habitants de Trappes qui assure un support individualisé (groupes de 6 à 8 élèves par accompagnant). Pour des progrès significatifs, nous conseillons à chaque personne de suivre deux séances hebdomadaires de 2h chacune.<br />
L’animation est assurée par des intervenants bénévoles : seize en 2024, pour une centaine d’élèves inscrits. Chaque bénévole assure chaque semaine 1 ou 2 séances de 2h en fonction de ses disponibilités.<br />
<span style="color: #ff0000;">Il y a un fort besoin de renfort par de nouveaux intervenants</span><br />
Les ateliers de français ont lieu :<br />
&#8211; Le matin de 9h30 à 11h30 : mardi, mercredi, jeudi et vendredi<br />
&#8211; L&rsquo;après-midi de 14h à 16h : lundi, mardi et jeudi.<br />
&#8211; Le soir de 18 à 20h : lundi, mardi et mercredi</p>
<p>Une documentation pédagogique abondante et variée permet à chaque intervenant de choisir la méthode la mieux adaptée aux besoins de son groupe.<br />
Les sites internet sont une source complémentaire de documentation pour motiver les apprentissages.<br />
Selon les besoins et la demande de chacun, les niveaux visés sont ceux du Cadre Européen Commun de Référence des langues (CECR)<br />
Après examen des besoins individuels, une part importante du travail porte sur la socialisation, la découverte des règles de vie citoyenne et l’aide personnalisée (insertion dans la vie du quartier, démarches quotidiennes et/ou administratives, accès à l&#8217;emploi&#8230;.)<br />
Une fiche de suivi du travail de chaque élève assure le contrôle de l’assiduité et de la progression.<br />
Des sorties culturelles de l’après-midi ou de la journée sont organisées en cours d’année : visites de monuments, musées, expositions&#8230;.<br />
Par ailleurs, un atelier convivial de couture fonctionne le mardi de 14 à16h.<br />
La qualité des contacts individuels qui se nouent rapidement assure une grande chaleur des relations et une ambiance très amicale entre tous les participants, ce qui est également un de nos objectifs.<br />
Contacts : 01 30 51 89 95<br />
Coordinatrice : Bernadette Bernier</p>

<p>Les ateliers de français sont un dispositif d’aide à l’apprentissage du français pour les habitants de Trappes qui assure un support individualisé (groupes de 6 à 8 élèves par accompagnant). Pour des progrès significatifs, nous conseillons à chaque personne de &hellip; <a href="https://misspoptrappes.org/WordPress3/activites/asl/">Continuer la lecture <span class="meta-nav">&rarr;</span></a></p>
