{"id":145,"date":"2013-06-07T10:52:06","date_gmt":"2013-06-07T08:52:06","guid":{"rendered":"http:\/\/misspoptrappes.org\/WordPress3\/?page_id=145"},"modified":"2024-10-25T10:54:44","modified_gmt":"2024-10-25T08:54:44","slug":"ca","status":"publish","type":"page","link":"https:\/\/misspoptrappes.org\/WordPress3\/ca\/","title":{"rendered":"CA"},"content":{"rendered":"<p style=\"text-align: center;\"><strong><span style=\"color: #000000;\"><span style=\"text-decoration: underline;\">Conseil d\u2019Administration 2024<\/span><\/span><\/strong><\/p>\n<p><strong>Membres du Bureau du CA\u00a0<\/strong><\/p>\n<p>Pr\u00e9sident\u00a0: Oscar ROCHA<\/p>\n<p>Tr\u00e9sori\u00e8re : Christine PELLICER<\/p>\n<p>Secr\u00e9taire : Chantal PITTION-ROSSILLON<\/p>\n<p><strong>Membres du CA\u00a0<\/strong><\/p>\n<p>Hugues FOUCHIER<\/p>\n<p>Brigitte GOMBERT<\/p>\n<p>Christine JAQUET-LAGREZE<\/p>\n<p>Monique MANTEAUX<\/p>\n<p>B\u00e9atrice ROY<\/p>\n<p><strong>Invit\u00e9s permanents au CA\u00a0<\/strong><\/p>\n<p>Eliane HUMBERT<\/p>\n<p>Alain KNECHT<\/p>\n<p>Roseline PAUGOIS<\/p>\n<p>Lucile SABATHIE \u2013 Directrice<\/p>\n","protected":false},"excerpt":{"rendered":"<p>Conseil d\u2019Administration 2024 Membres du Bureau du CA\u00a0 Pr\u00e9sident\u00a0: Oscar ROCHA Tr\u00e9sori\u00e8re : Christine PELLICER Secr\u00e9taire : Chantal PITTION-ROSSILLON Membres du CA\u00a0 Hugues FOUCHIER Brigitte GOMBERT Christine JAQUET-LAGREZE Monique MANTEAUX B\u00e9atrice ROY Invit\u00e9s permanents au CA\u00a0 Eliane HUMBERT Alain KNECHT &hellip; <a href=\"https:\/\/misspoptrappes.org\/WordPress3\/ca\/\">Continuer la lecture <span class=\"meta-nav\">&rarr;<\/span><\/a><\/p>\n","protected":false},"author":4,"featured_media":0,"parent":0,"menu_order":6,"comment_status":"closed","ping_status":"closed","template":"onecolumn-page.php","meta":{"footnotes":""},"class_list":["post-145","page","type-page","status-publish","hentry"],"_links":{"self":[{"href":"https:\/\/misspoptrappes.org\/WordPress3\/wp-json\/wp\/v2\/pages\/145","targetHints":{"allow":["GET"]}}],"collection":[{"href":"https:\/\/misspoptrappes.org\/WordPress3\/wp-json\/wp\/v2\/pages"}],"about":[{"href":"https:\/\/misspoptrappes.org\/WordPress3\/wp-json\/wp\/v2\/types\/page"}],"author":[{"embeddable":true,"href":"https:\/\/misspoptrappes.org\/WordPress3\/wp-json\/wp\/v2\/users\/4"}],"replies":[{"embeddable":true,"href":"https:\/\/misspoptrappes.org\/WordPress3\/wp-json\/wp\/v2\/comments?post=145"}],"version-history":[{"count":24,"href":"https:\/\/misspoptrappes.org\/WordPress3\/wp-json\/wp\/v2\/pages\/145\/revisions"}],"predecessor-version":[{"id":694,"href":"https:\/\/misspoptrappes.org\/WordPress3\/wp-json\/wp\/v2\/pages\/145\/revisions\/694"}],"wp:attachment":[{"href":"https:\/\/misspoptrappes.org\/WordPress3\/wp-json\/wp\/v2\/media?parent=145"}],"curies":[{"name":"wp","href":"https:\/\/api.w.org\/{rel}","templated":true}]}}