{"id":142,"date":"2013-06-07T10:51:16","date_gmt":"2013-06-07T08:51:16","guid":{"rendered":"http:\/\/misspoptrappes.org\/WordPress3\/?page_id=142"},"modified":"2026-01-21T20:50:43","modified_gmt":"2026-01-21T19:50:43","slug":"journal","status":"publish","type":"page","link":"https:\/\/misspoptrappes.org\/WordPress3\/journal\/","title":{"rendered":"Journal"},"content":{"rendered":"<p><a href=\"https:\/\/misspoptrappes.org\/WordPress3\/wp-content\/uploads\/2026\/01\/JOURNAL-137-hiver-25-26.pdf\" target=\"_blank\" rel=\"noopener\">Journal 137 hivers 2025-2026<\/a><\/p>\n<p><a href=\"https:\/\/misspoptrappes.org\/WordPress3\/wp-content\/uploads\/2025\/10\/JOURNAL-136-autmn-25.pdf\" target=\"_blank\" rel=\"noopener noreferrer\">Journal 136 automne 2025<\/a><\/p>\n<p><a href=\"https:\/\/misspoptrappes.org\/WordPress3\/wp-content\/uploads\/2025\/07\/JOURNAL-135-ete-25.pdf\" target=\"_blank\" rel=\"noopener noreferrer\">Journal 135 \u00e9t\u00e9 2025<\/a><\/p>\n<p><a href=\"https:\/\/misspoptrappes.org\/WordPress3\/wp-content\/uploads\/2025\/05\/JOURNAL-134-printemps-25.pdf\" target=\"_blank\" rel=\"noopener noreferrer\">Journal 134 printemps 2025<\/a><\/p>\n<p><a href=\"https:\/\/misspoptrappes.org\/WordPress3\/wp-content\/uploads\/2025\/01\/JOURNAL-133.pdf\" target=\"_blank\" rel=\"noopener noreferrer\">Journal 133 hiver 2024-2025<\/a><\/p>\n<p><a href=\"https:\/\/misspoptrappes.org\/WordPress3\/wp-content\/uploads\/2024\/10\/JOURNAL-132.pdf\" target=\"_blank\" rel=\"noopener noreferrer\">Journal 132 automne 2024<\/a><\/p>\n<p><a href=\"https:\/\/misspoptrappes.org\/WordPress3\/wp-content\/uploads\/2024\/06\/JOURNAL-131.pdf\" target=\"_blank\" rel=\"noopener noreferrer\">Journal 131 \u00e9t\u00e9 2024<\/a><\/p>\n<p><a href=\"https:\/\/misspoptrappes.org\/WordPress3\/wp-content\/uploads\/2024\/04\/JOURNAL-130.pdf\" target=\"_blank\" rel=\"noopener noreferrer\">Journal 130 printemps 2024<\/a><\/p>\n<p><a href=\"https:\/\/misspoptrappes.org\/WordPress3\/wp-content\/uploads\/2024\/01\/JOURNAL-129.pdf\" target=\"_blank\" rel=\"noopener noreferrer\">Journal 129 hiver 2023-2024<\/a><\/p>\n<p>&nbsp;<\/p>\n","protected":false},"excerpt":{"rendered":"<p>Journal 137 hivers 2025-2026 Journal 136 automne 2025 Journal 135 \u00e9t\u00e9 2025 Journal 134 printemps 2025 Journal 133 hiver 2024-2025 Journal 132 automne 2024 Journal 131 \u00e9t\u00e9 2024 Journal 130 printemps 2024 Journal 129 hiver 2023-2024 &nbsp;<\/p>\n","protected":false},"author":4,"featured_media":0,"parent":0,"menu_order":5,"comment_status":"closed","ping_status":"closed","template":"onecolumn-page.php","meta":{"footnotes":""},"class_list":["post-142","page","type-page","status-publish","hentry"],"_links":{"self":[{"href":"https:\/\/misspoptrappes.org\/WordPress3\/wp-json\/wp\/v2\/pages\/142","targetHints":{"allow":["GET"]}}],"collection":[{"href":"https:\/\/misspoptrappes.org\/WordPress3\/wp-json\/wp\/v2\/pages"}],"about":[{"href":"https:\/\/misspoptrappes.org\/WordPress3\/wp-json\/wp\/v2\/types\/page"}],"author":[{"embeddable":true,"href":"https:\/\/misspoptrappes.org\/WordPress3\/wp-json\/wp\/v2\/users\/4"}],"replies":[{"embeddable":true,"href":"https:\/\/misspoptrappes.org\/WordPress3\/wp-json\/wp\/v2\/comments?post=142"}],"version-history":[{"count":78,"href":"https:\/\/misspoptrappes.org\/WordPress3\/wp-json\/wp\/v2\/pages\/142\/revisions"}],"predecessor-version":[{"id":991,"href":"https:\/\/misspoptrappes.org\/WordPress3\/wp-json\/wp\/v2\/pages\/142\/revisions\/991"}],"wp:attachment":[{"href":"https:\/\/misspoptrappes.org\/WordPress3\/wp-json\/wp\/v2\/media?parent=142"}],"curies":[{"name":"wp","href":"https:\/\/api.w.org\/{rel}","templated":true}]}}